 u(2).
19
Let i(d) be the second derivative of -d**5/20 - d**4/4 - d**3/6 - d**2/2 - 4*d. Let c be i(-3). Suppose c = -0*v + v. What are the prime factors of v?
2
Let p = -8 - -5. Let d be 12*(p + 20/12). List the prime factors of ((-4)/(-6))/(d/(-408)).
17
Let k be 0 + -329 - ((0 - 0) + -1). Let b = k + 526. List the prime factors of b.
2, 3, 11
Let n(a) = 288*a + 109. What are the prime factors of n(11)?
29, 113
Suppose 14892 = 3*i + 4*k, -i = -6*i + 3*k + 24849. What are the prime factors of i?
2, 3, 23
Suppose 2*h + 40 = 5*h + 4*t, t - 44 = -5*h. Suppose h*u - 12*u = -144. What are the prime factors of u?
2, 3
Let g = -7 + 15. Let m be 222/24 + (-2)/g. Suppose 0 = m*l - 7*l - 36. List the prime factors of l.
2, 3
Suppose -3*z = -2*j + 3297, -8*z = 4*j - 5*z - 6639. What are the prime factors of j?
2, 3, 23
Let j = 89 + -64. Suppose 0 = -30*o + j*o + 960. List the prime factors of o.
2, 3
Let d(s) = -192*s - 287. What are the prime factors of d(-5)?
673
Suppose 37*m - 34*m - 16740 = 0. List the prime factors of m.
2, 3, 5, 31
Let r be (72/(-15))/(18/(-60)). Let h be (-2)/((-2)/r*2). Suppose 68 = 4*o - h. What are the prime factors of o?
19
Let t(l) = 14*l**2 - 2*l + 6. Let g(w) = 5*w**2 + 2*w. Let b be g(-1). What are the prime factors of t(b)?
2, 3, 7
Let s = -15 + 19. Suppose s*j = -0*j + 356. Let m = j - 38. What are the prime factors of m?
3, 17
Suppose 4*r - 5*g = -r + 3825, -3 = 3*g. List the prime factors of r.
2, 191
Suppose -10*s + 275 = -5*s. Suppose 16*z + s = 11*z. Let c = -9 - z. List the prime factors of c.
2
Let j be -1 + -2 - (-4 + 3). Let d = 0 - j. Suppose -d - 13 = -c. What are the prime factors of c?
3, 5
Suppose 0 = 5*t - 975 - 125. List the prime factors of t.
2, 5, 11
Let g(f) = 7*f - 32. Let p be g(5). Suppose -p*w - 192 = -669. List the prime factors of w.
3, 53
Let y = 57 - 27. Let t be 70/y + 4/6. What are the prime factors of (11/t)/((-4)/(-12))?
11
Let k = 83 + -79. Let p(y) be the third derivative of y**6/120 - y**5/30 + y**4/12 + 2*y**2. List the prime factors of p(k).
2, 5
Suppose k + 11 = 5*k + 3*o, -5*k - 5*o = -10. Let w(y) = y + 1. Let i be w(k). List the prime factors of (39/i - 3)*8.
2, 7
Suppose 0*b - 4*b = -20. Suppose -v = 3*v - 12, -4*v + 382 = b*m. What are the prime factors of m?
2, 37
Let y be 6/15 - 228/20. Let j(w) be the first derivative of w**3/3 + 11*w**2/2 + 15*w - 5. List the prime factors of j(y).
3, 5
Suppose -5*z + 5525 = 5*o, -93 + 88 = -5*o. What are the prime factors of z?
2, 3, 23
Let f(m) = -m**3 - m**2 + 5*m + 518. List the prime factors of f(0).
2, 7, 37
Let l be 1188/(-27)*5/(2/(-2)). Let k be 4/14 - (-52)/14. Suppose 0 = -5*x - 5*v - 142 + 417, k*x - 3*v - l = 0. What are the prime factors of x?
5, 11
What are the prime factors of ((-51)/(-204))/(1/2456)?
2, 307
Let o(b) be the second derivative of -b**5/20 + 5*b**4/12 - b**3/3 + b**2/2 + 5*b. Let l be o(2). What are the prime factors of (-3)/l - 110/(-6)?
2, 3
Suppose 0 = -2*y + d + 532, -d = 2*d - 6. What are the prime factors of (12/(-6))/(2 + (-537)/y)?
2, 89
Let n(k) = 3*k**2 + 4*k + 5. Let w(b) = 2*b**2 + 5*b + 6. Let s(v) = 6*n(v) - 5*w(v). What are the prime factors of s(-2)?
2, 17
Suppose 0 = -4*x + 4*b + 76, 3*b - 10 = -x + 1. Let n = -6 + x. List the prime factors of n.
11
Let s(t) = 2*t - 8*t - 25*t. Let g be s(-1). Suppose 0 = 5*u + 4*y - 61, -6*y + y - g = -2*u. What are the prime factors of u?
13
Let h = -66 - -69. Suppose -9*q + h*q + 372 = 0. What are the prime factors of q?
2, 31
Let w(v) = v**2 - 31*v + 197. List the prime factors of w(25).
47
Suppose 3*p - 3 = -0. Suppose -11*n + 3*n = 376. What are the prime factors of 11/(-22)*(p + n)?
23
Suppose 4*o = 5*p - 7920, -5*p + 1600 = -4*p - 4*o. What are the prime factors of p?
2, 5, 79
Suppose -3*m + 11*m = 376. Suppose 2*r = m + 21. What are the prime factors of r?
2, 17
Let x = -1743 + 2814. What are the prime factors of x?
3, 7, 17
Suppose 0 = 20*k - 8*k - 49788. What are the prime factors of k?
3, 461
Suppose -5*n + 128 = -l, -4*l = -2*n - 2*n + 96. List the prime factors of n/(-4)*(-9 - 13).
11, 13
Let y(n) = n**2 - 8*n - 11. What are the prime factors of y(-8)?
3, 13
Let n(b) = 7*b**3 + b**2 + 10*b + 16. List the prime factors of n(8).
2, 3, 13
List the prime factors of (2522 - -4) + (1 + -7 - 0).
2, 3, 5, 7
Suppose 5*w = -3*s - 0*w + 40, 4*w = 5*s - 42. Suppose 2*z = s - 4. Suppose -z*j - 60 = -2*h - 4*j, 0 = -2*h + j + 68. What are the prime factors of h?
2
What are the prime factors of ((-21672)/(-70))/(4/10)?
2, 3, 43
Let b = 78 + -237. What are the prime factors of (-6 - -2) + 8 + (0 - b)?
163
What are the prime factors of ((-2)/(-2))/(-6 - 74815/(-12467))?
7, 137
Let z(b) = 11*b - 12. Let a be z(4). Suppose -3*q + l + 76 = 0, -a = -q - 0*q + 2*l. List the prime factors of q.
2, 3
Let m(b) = -b**3 - 2*b + 148. What are the prime factors of m(0)?
2, 37
Suppose 13*l - 10*l = 24. What are the prime factors of (3 + (-44)/l)*-12?
2, 3, 5
Let g(u) = -793*u + 187. What are the prime factors of g(-4)?
3359
Let x = 710 + 136. List the prime factors of x.
2, 3, 47
Let j be 14/4 - ((-3)/(-6) - -1). Suppose 3*y = 5*s - j*s - 699, -3*s + 694 = -2*y. List the prime factors of s.
2, 3, 19
Suppose 4416*m = 4422*m - 16938. List the prime factors of m.
3, 941
Let a be (-6)/(-33) - (2 - 80/44). Suppose -o + 32 = -a*o. List the prime factors of o.
2
Suppose -87 = -3*k - 33. Let i = -14 + k. Suppose 27 = f + i. List the prime factors of f.
23
Suppose i = 0, 3*w + 149 = -2*i + 893. List the prime factors of w.
2, 31
Suppose 0 = 3*n - 2*h - 0*h + 56, 2*h + 70 = -4*n. Let g = 31 + n. Let s(x) = x**2 - 9*x - 2. What are the prime factors of s(g)?
2, 5
List the prime factors of ((-11)/((-55)/1372))/(4/50).
2, 5, 7
Let q(i) be the first derivative of 2*i**3/3 - 23*i**2/2 + 34*i - 19. What are the prime factors of q(14)?
2, 13
Suppose k = 668 + 1468. What are the prime factors of k?
2, 3, 89
Let f(i) = -8*i + 92*i - 441 + 445. List the prime factors of f(1).
2, 11
Let j = -253 + 509. List the prime factors of (3/2)/(6/j).
2
Suppose -5*j + 119 = 2*x, 117 + 69 = 3*x + 5*j. What are the prime factors of x?
67
Let h = -444 + 744. What are the prime factors of h?
2, 3, 5
Let w(s) = 665*s**2 - 12*s - 12. List the prime factors of w(-1).
5, 7, 19
Let h(m) = 34*m - 16. Let x(u) = -33*u + 15. Let w(q) = -4*h(q) - 5*x(q). What are the prime factors of w(2)?
47
Suppose -2*p = 78 - 88. Suppose -8 = p*y + 2*v - 477, -2*y - 5*v = -196. List the prime factors of y.
3, 31
Suppose 45 = f - 95. Suppose 3*r - 5*r + f = 0. What are the prime factors of r?
2, 5, 7
Suppose -5*u + 3*u + 170 = 0. Let w = -36 + u. List the prime factors of w.
7
Suppose 17*s + 7163 = 19*s - 5*r, 3*r = -s + 3554. List the prime factors of s.
43, 83
Let m(x) = 3*x**2 - 9*x - 3. Let i be m(4). Suppose -i*u = -12*u + 99. List the prime factors of u.
3, 11
Suppose -b - 5 = 0, -4*y + 0*y - 2*b = -4634. What are the prime factors of y?
3, 43
Suppose t = 3*c - 759, 4*t + 1182 = -5*c - 1922. List the prime factors of t/(-18) - 4/(-24).
43
Let d be (3 - 6) + 1 + 2. Suppose d = l - 0*l - 12. List the prime factors of l.
2, 3
Let g = -11 + 10. Let i = g - -5. Suppose -n + 65 = i*j - 0*j, j - 20 = n. What are the prime factors of j?
17
Let r(q) be the third derivative of -q**5/60 + 17*q**4/24 - 10*q**3/3 + 4*q**2. List the prime factors of r(13).
2
Let k(b) = 2*b - 15. Let n be k(-14). Let o = 50 + n. What are the prime factors of o?
7
Let f = 700 + -221. List the prime factors of f.
479
Suppose 0 = -x, 2*w + 0*w - 2*x = 0. What are the prime factors of 34 - w*5/(-10)?
2, 17
Let m = -130 + 45. Let i = 249 + m. What are the prime factors of i?
2, 41
Let g(t) = 340*t + 52. What are the prime factors of g(1)?
2, 7
Let f(k) = 8*k**3 + 3*k**2 + k + 3. Let m be f(3). Suppose -2*j - 2*d + 3*d = -m, -3*d = 2*j - 261. List the prime factors of ((-1)/1)/((-7)/j).
2, 3
Let l(g) = 42*g**2 + 33*g + 160. List the prime factors of l(-5).
5, 11, 19
Let c(d) = -d**3 + d**2 + 2. Let l be c(2). Let r = 2 + l. Suppose 0 = -5*y - r*y + 30. What are the prime factors of y?
2, 3
Suppose s = 2*s - 216. Let o = -146 + s. What are the prime factors of o?
2, 5, 7
Let o(q) = -6*q**3 - 6*q**2 - q - 15. List the prime factors of o(-3).
2, 3
Suppose 9033 = 4